?
10
What is the remainder when 15814 is divided by 11?
7
Calculate the remainder when 211436 is divided by 105715.
6
What is the remainder when 25854 is divided by 1687?
549
What is the remainder when 177735 is divided by 61?
42
Calculate the remainder when 10325 is divided by 12.
5
What is the remainder when 3506 is divided by 41?
21
Calculate the remainder when 1614 is divided by 1587.
27
Calculate the remainder when 6546 is divided by 1304.
26
What is the remainder when 58298 is divided by 258?
248
Calculate the remainder when 1129273 is divided by 160.
153
What is the remainder when 964625 is divided by 411?
8
What is the remainder when 655186 is divided by 499?
498
What is the remainder when 26182 is divided by 23?
8
What is the remainder when 36399 is divided by 12129?
12
Calculate the remainder when 93438 is divided by 1507.
4
Calculate the remainder when 3069 is divided by 115.
79
What is the remainder when 12070 is divided by 1323?
163
Calculate the remainder when 6080 is divided by 506.
8
What is the remainder when 1156 is divided by 33?
1
Calculate the remainder when 1503871 is divided by 32.
31
What is the remainder when 73932 is divided by 12321?
6
What is the remainder when 75 is divided by 32?
11
What is the remainder when 4288347 is divided by 46?
43
Calculate the remainder when 2229 is divided by 432.
69
Calculate the remainder when 23524 is divided by 124.
88
Calculate the remainder when 87672 is divided by 15.
12
Calculate the remainder when 364647 is divided by 187.
184
Calculate the remainder when 14821 is divided by 14742.
79
Calculate the remainder when 306 is divided by 73.
14
Calculate the remainder when 104428 is divided by 17367.
226
What is the remainder when 41234 is divided by 1085?
4
What is the remainder when 7737 is divided by 6372?
1365
What is the remainder when 95181 is divided by 36?
33
Calculate the remainder when 98904 is divided by 90.
84
Calculate the remainder when 87910 is divided by 111.
109
Calculate the remainder when 13812 is divided by 83.
34
What is the remainder when 295928 is divided by 586?
584
What is the remainder when 13044 is divided by 87?
81
What is the remainder when 11429 is divided by 243?
8
What is the remainder when 6870 is divided by 176?
6
Calculate the remainder when 68392 is divided by 17097.
4
Calculate the remainder when 596823 is divided by 142.
139
What is the remainder when 87915 is divided by 560?
555
What is the remainder when 88068 is divided by 10?
8
What is the remainder when 41758 is divided by 271?
24
Calculate the remainder when 9564 is divided by 1361.
37
What is the remainder when 11327 is divided by 31?
12
What is the remainder when 23955 is divided by 1708?
43
Calculate the remainder when 24288 is divided by 4855.
13
Calculate the remainder when 11021 is divided by 553.
514
Calculate the remainder when 1214 is divided by 376.
86
Calculate the remainder when 78611 is divided by 11.
5
What is the remainder when 20739 is divided by 173?
152
Calculate the remainder when 3005 is divided by 49.
16
Calculate the remainder when 3012 is divided by 135.
42
Calculate the remainder when 182923 is divided by 225.
223
What is the remainder when 74849 is divided by 154?
5
Calculate the remainder when 27198 is divided by 5439.
3
What is the remainder when 23082 is divided by 7430?
792
Calculate the remainder when 26803 is divided by 6684.
67
Calculate the remainder when 3202 is divided by 158.
42
What is the remainder when 1744 is divided by 298?
254
What is the remainder when 610304 is divided by 87?
86
Calculate the remainder when 7038 is divided by 1755.
18
What is the remainder when 6715 is divided by 6711?
4
Calculate the remainder when 3239 is divided by 643.
24
Calculate the remainder when 17651 is divided by 17611.
40
Calculate the remainder when 29263 is divided by 5850.
13
What is the remainder when 3766 is divided by 230?
86
Calculate the remainder when 15116 is divided by 336.
332
What is the remainder when 346065 is divided by 115348?
21
What is the remainder when 898 is divided by 834?
64
What is the remainder when 1033 is divided by 280?
193
Calculate the remainder when 376621 is divided by 125507.
100
Calculate the remainder when 40208 is divided by 491.
437
What is the remainder when 38465 is divided by 168?
161
What is the remainder when 173870 is divided by 363?
356
Calculate the remainder when 125259 is divided by 5961.
78
Calculate the remainder when 1785 is divided by 46.
37
Calculate the remainder when 63098 is divided by 41.
40
Calculate the remainder when 25956 is divided by 811.
4
What is the remainder when 125291 is divided by 22?
1
What is the remainder when 83707 is divided by 71?
69
What is the remainder when 12003 is divided by 207?
204
What is the remainder when 55059 is divided by 126?
123
What is the remainder when 1827926 is divided by 1635?
1631
What is the remainder when 11997 is divided by 10?
7
Calculate the remainder when 331723 is divided by 55285.
13
Calculate the remainder when 10349 is divided by 282.
197
Calculate the remainder when 1520 is divided by 1253.
267
Calculate the remainder when 1869 is divided by 175.
119
What is the remainder when 725 is divided by 81?
77
What is the remainder when 7092 is divided by 332?
120
Calculate the remainder when 20264 is divided by 112.
104
What is the remainder when 15850 is divided by 15829?
21
What is the remainder when 412547 is divided by 1109?
1108
Calculate the remainder when 73639 is divided by 20.
19
Calculate the remainder when 8159 is divided by 109.
93
Calculate the remainder when 3149 is divided by 1289.
571
Calculate the remainder when 12083 is divided by 168.
155
Calculate the remainder when 257825 is divided by 143.
139
What is the remainder when 789179 is divided by 37?
6
Calculate the remainder when 15511 is divided by 704.
23
Calculate the remainder when 1139 is divided by 52.
47
Calculate the remainder when 11264 is divided by 2767.
196
Calculate the remainder when 1659888 is divided by 932.
928
Calculate the remainder when 580 is divided by 312.
268
Calculate the remainder when 6032 is divided by 55.
37
Calculate the remainder when 1967 is divided by 635.
62
What is the remainder when 7472 is divided by 87?
77
Calculate the remainder when 1445462 is divided by 79.
78
Calculate the remainder when 44580 is divided by 18.
12
What is the remainder when 12335 is divided by 2446?
105
Calculate the remainder when 1462 is divided by 668.
126
What is the remainder when 269770 is divided by 12?
10
Calculate the remainder when 20809 is divided by 285.
4
Calculate the remainder when 345371 is divided by 65.
26
What is the remainder when 2270 is divided by 126?
2
Calculate the remainder when 28297 is divided by 50.
47
Calculate the remainder when 1490 is divided by 1485.
5
What is the remainder when 122094 is divided by 466?
2
What is the remainder when 363737 is divided by 10?
7
Calculate the remainder when 2460 is divided by 1116.
228
What is the remainder when 443157 is divided by 18?
15
Calculate the remainder when 6686 is divided by 19.
17
What is the remainder when 54998 is divided by 110?
108
Calculate the remainder when 12997 is divided by 6393.
211
What is the remainder when 69781 is divided by 88?
85
What is the remainder when 8206 is divided by 484?
462
What is the remainder when 5578 is divided by 327?
19
Calculate the remainder when 184909 is divided by 58.
5
Calculate the remainder when 45518 is divided by 88.
22
What is the remainder when 5125 is divided by 10?
5
Calculate the remainder when 2379 is divided by 613.
540
Calculate the remainder when 192 is divided by 3.
0
Calculate the remainder when 1545 is divided by 90.
15
What is the remainder when 741 is divided by 565?
176
Calculate the remainder when 3347 is divided by 825.
47
Calculate the remainder when 3196 is divided by 998.
202
Calculate the remainder when 14781 is divided by 26.
13
Calculate the remainder when 301423 is divided by 164.
155
What is the remainder when 572808 is divided by 544?
520
Calculate the remainder when 9121 is divided by 131.
82
What is the remainder when 1256 is divided by 97?
92
Calculate the remainder when 21914 is divided by 3647.
32
Calculate the remainder when 4079 is divided b